48) - 8 - 17 - -66?
67
Calculate 1 + 2 + 19 + -12 + 41 + -139.
-88
9 + -4 - (10 - (0 + 9)) - 8
-4
Evaluate 60 + 2 - ((-16 - 2) + (10 - 2)).
72
What is the value of (-15 - (1 + 0)) + (78 - 107) + -3 + 10?
-38
Evaluate (5 - ((-9 - (-13 + -7)) + -17 - -8)) + -44.
-41
What is the value of -12 + 19 + -44 + 80?
43
-109 - -19 - (-6 - ((0 - -4) + 6))
-74
Calculate (-13 - (3 + -6)) + (5 - -104 - 44).
55
-522 + 598 + (3 - 58) - (-1 - 83)
105
What is -4 + (-9 - -34 - -7) + 8 + 10 + -7?
39
89 + 109 + -344 + 46
-100
Calculate -61 - (-93 + 37 - -30).
-35
What is the value of (-2 - -4) + (-124 - -118 - (-52 - (-3 + 4)))?
49
1 + 41 + (-283 - (-62 - 108))
-71
Calculate -42 - 0 - (11 - (-32 - -21 - -11 - -14)).
-39
Calculate (-49 - -54) + 43 + (-2 - 1) + -3 - 4.
38
What is the value of (-623 - -652) + 3 + 1 + -21?
12
Evaluate 3 - (-39 - (53 + -14)).
81
What is the value of (-66 - 17) + 15 + -4 + 7?
-65
Evaluate 29 + 6 + -18 + 20.
37
(116 - 51 - 97) + -2 + 133
99
Calculate 15 + 23 + (-3 - 19) + 22 + -1.
37
-169 + 257 + -11 + 4 + 1 + 1 + 3
86
Evaluate (8848 - 9000) + (92 - 2).
-62
What is (-4 - -6) + 7 + -44 - -20?
-15
What is the value of -24 + -63 + 51 + -25?
-61
What is the value of -94 + (-13 - (3 - (0 + 2))) + (1010 - 996)?
-94
-20 - (-33 + 6 - -16) - (94 + -11)
-92
What is the value of 2 - (21 + -9) - (35 - (12 + -5))?
-38
Calculate (0 - 0) + -28 - ((-1 - 9 - 15) + 24).
-27
-21 - (-28 + -17 + 30) - 0
-6
Calculate 1 + 44 - (-1768 + 1766) - (1 - -8).
38
What is 4 + -110 - ((-9 - (10 - -10)) + 44)?
-121
What is the value of (-6 - -8 - (9 - (1 - -11))) + -4?
1
6 - (6 - 30) - (18 + 34)
-22
What is the value of 20 + (-20 - -10 - (39 + 33 + -21))?
-41
2 - 46 - (-14 + 13 + -10 + 1 - -19)
-53
What is -89 - (-110 + 11) - (-79 + 0)?
89
Calculate -23 + 30 + (-10 + -5 + 10 + 8 - 59).
-49
What is 22 + -11 + (10 - (-9 + 19) - -7 - 0)?
18
-15 - (7 + -21) - (9 + (5 - 7 - -2))
-10
What is the value of 8 + 1 + (6 - -4) + 32 - 8?
43
What is the value of (143 - 4) + -307 + 223?
55
What is (-70 - (7 + -5 - (49 + -29))) + -7?
-59
9 + -81 + 38 + 50
16
Calculate -21 + -35 + (-24 - -50).
-30
What is (-27 - -29) + (4 - (7 + 15)) + 19?
3
What is 14 - (215 - 111) - -123?
33
Calculate 38 + -47 + -12 + 6.
-15
Calculate 1 + 5 + -1 + 37 + -1 + (-597 - -496).
-60
Evaluate 32 + -121 + 27 + 47.
-15
What is the value of 16 - 4 - (-33 - -54 - 10)?
1
201 - 184 - 36 - (-1 + 0 + 4 + 2)
-24
What is the value of (47 - 7) + 2 + -19?
23
What is -40 + 96 + -73 + -1 + 16?
-2
14 + (15 - 13) + 5 + -7 + 10
24
2 + -44 + 0 + 6 + (-29 - (19 + -50))
-34
Evaluate (-28 + 39 - 26) + 15 - -10.
10
20 + -24 + -16 + -23 - 2
-45
What is 10 + -2 - (-52 - -10)?
50
Calculate 1897 + -1892 + (0 - (-82 - 2)) + 3.
92
What is the value of -4 + (0 - 20 - -15) + 4 + 35?
30
-107 + -60 + 208 + 9 + 0
50
Evaluate 13 + ((-48 - -8) + 13 - -15).
1
What is (-17 - ((14 - 43) + 21)) + -1 + 3 - 55?
-62
Evaluate (-7 - (-28 - (-14 + 11 - -7))) + 9.
34
33 + (-18 + -20 - -42)
37
-48 + (16 - (0 + -8)) + -52 + 38
-38
What is 4 + 10 - (15 + 5 + 40)?
-46
What is the value of 331 + -359 - (-1 + 61) - (2 - (-3 + -2))?
-95
Calculate -103 - (-21 + (-5 - 28) + 33).
-82
Evaluate -1 + 27 - (1030 - 1077).
73
Evaluate -10 + 4 + -14 - (-377 + 390) - (-2 + 1).
-32
What is the value of (-105 - 5 - (-2 - 18)) + 26?
-64
Calculate -28 + (6 - -2) + 31 - 71.
-60
Calculate 67 - (-6 - (46 - (-9 + 43))).
85
Calculate -4 + 7 + -7 + 6 + 6 + -117 + 179.
70
Calculate -15 + (4 - 44 - 16).
-71
What is the value of 11 + -3 - (1 - -1 - (-5 - 0 - 2))?
-1
Calculate 17 + (33 - 45) - -5.
10
-4 - (15 - -10 - (12 - (-9 + 11)))
-19
What is -23 - (-2 + -6 + -4 - -13)?
-24
Evaluate 122 + 62 + 12 + -135.
61
Calculate 16 + -53 + (10 - -4) - (2 + -8 + -3).
-14
What is the value of -3 + 10 + (627 - 586)?
48
Evaluate -50 + -24 + (0 - -20) + 1 + 10.
-43
Calculate (223 + -13 - 178) + (19 - 2).
49
Evaluate -26 - ((-7 - -28) + -26) - -27.
6
(-6 - (-61 - (-12 - 17))) + 27
53
Evaluate -51 - (-8 + -21 - 20).
-2
What is 34 + 18 - (-62 + 114) - (1 + -14)?
13
What is (167 - (35 - -7) - 22) + 6?
109
(309 + -146 - 95) + -95
-27
Evaluate -12 + 9 + (21 - 38) - 11.
-31
What is the value of -1 - -18 - (6 - (-16 + 1 + 13)) - -2?
11
(26 - (-5 - -15)) + -18
-2
(5 - -53) + 17 + (33 - 24) + -32
52
Evaluate -7646 + 7605 - (-23 + 1).
-19
Calculate (-26 + (14 - -7) - 84) + 4 + -24.
-109
What is 0 + -14 - -56 - (5 - (-5 + 15))?
47
What is (42 - (-41 - -74)) + (-17 - -8)?
0
Evaluate 46 + -3 + -10 + (8 - -2) + -8.
35
What is 13 - ((88 - 22) + -8 + -27)?
-18
What is the value of -41 - (42 - (2 - (-20 + -41)))?
-20
(0 - 81) + -2778 + 2827
-32
What is the value of (-11 - 14) + -115 - (-4 - (-5 - -10)) - -12?
-119
What is the value of ((34 - 60) + 24 - (0 + -74)) + (1 - 2)?
71
What is -4 + 6 + (0 - -16 - (-755 - -765))?
8
What is 92 - (32 + -52 + 122)?
-10
Calculate -8 + 167 - 89 - 56.
14
What is (17 + -32 + 17 - -13) + -27 - (-1 + -102)?
91
What is (1 - -86) + (7 + (-8 - (54 + -25)) - -20)?
77
49 + -36 + -54 + 24
-17
Calculate 18 + -36 + 12 - (4 + (-4 - 0) - -103).
-109
-51 - ((-2 - -1) + (19 - (-17 - -47)))
-39
-2 + 20 + -1627 + 1573
-36
What is 0 + (-9 - -15) - (-2 + 3 + 5) - -81?
81
What is 5 + 1 + -7 + 0 - (15 + -28)?
12
Evaluate -9 - 51 - (-273 - -323).
-110
-1 + (0 - 0) - -2 - (-908 - -984)
-75
Calculate -26 - -15 - 20 - (-71 - -113).
-73
Calculate -8 + 11 + 41 + -14 + -14.
16
Evaluate 111 - ((-6 - 4) + 124 + -90).
87
Evaluate -8 - (7 - (-12 - -19) - -7).
-15
What is the value of (5 - 35 - (-234 - -154)) + -39?
11
-5 - 5 - -7 - (14 + (-54 - -35))
2
50 + (-44 + -166 - -94)
-66
What is the value of 26 + (4 - 19) + (-7 + 18 - 6)?
16
What is the value of 67 + -11 + (-19 + 8 - (-12 - 7))?
64
Calculate 20 - (15 + -44 + 16).
33
(-12 - -1) + (-65 - -30 - -31 - -14)
-1
What is 11 + (22 + 6 - 61) - -131?
109
(-179 - -162 - (0 + -28)) + (75 - (3 + -1))
84
Evaluate (60 + -24 - 15) + (17 - -2).
40
Evaluate 1 - 21 - (-44 - (-5 - 37)).
-18
Evaluate -33 + -7 + (-15 - (0 + -9 - -1)) + 16.
-31
2765 - 2809 - (0 - -5) - (14 + 0)
-63
-68 - -76 - 3 - 9
-4
What is (103 - 132) + 39 + -3?
7
-15 - 2 - (1 - -8 - ((-68 - -33) + 48))
-13
What is the value of 32 - ((149 - 18) + -55)?
-44
What is (-15 + 36 - (7 + 2 + -3)) + -24?
-9
What is 7 + (5 - 4) + (30 - 8) + -14?
16
Evaluate 3 + 36 - (-4 + 39 - 16).
20
-3 + 70 + -60 + (-9 - -2) - -8 - 52
-44
What is -3 + -49 - -9 - (4 - (-5 + (-13 - -9)))?
-56
What is the value of (8 - 0) + (162 - 111) + -10 + 19?
68
Evaluate (32 + 9 - 83 - -27) + (0 - -49).
34
88 - (17 + 49) - (6 + 1)
15
Evaluate -1 + -4 - (-36 - (-1 - -11)).
41
What is -8 + (-27 - -12 - -18 - (-5 + 6))?
-6
What is the value of -2 + (-1 - 5) - (1 - 100 - (134 - 131))?
94
What is (-249 - -106 - (3 + 4)) + 8?
-142
(-16 + 18 - -1 - -32) + -24
11
Calculate -10 + 0 - (-781 - -760) - 20.
-9
What is the value of (13 - 8 - 40) + -6 + 9 + (-1 - 2)?
-35
What is the value of 95 + (5 - -8) - 23 - -14 - 11?
88
What is the value of (37 - (144 - 50)) + 58?
1
Calculate (5 - -6 - -1 - (-26 + 41)) + (1 - -52).
50
Evaluate 100 + -122 + (-8 - 15 - 6).
-51
What is -2 - -7 - (-2 + -5 + 64 + -2) - 1?
-51
What is the value of -1 - (6 - (0 + 4 + 2 + (-37 - -31)))?
-7
Evaluate -192 + (22 - -6) + 83.
-81
What is (29 - 80 - -42) + (16 - -1)?
8
(-43 - 10) + 50 - (16 - -1)
-20
Calculate 93 + -17 + (-13 + -3 - 7).
53
(3 - 2) + (-22 - -39) + 23 + (8 - 0)
49
What is the value of (138 - 126) + (9 - (4 + -9 + 2 + 1))?
23
What is (-20 - (20 - (36 - -23))) + -3?
16
Evaluate -82 + 51 + 38 - (2 - -4 - (1 - -121)).
123
-59 - -57 - ((-19 - 2) + 1) - (10 - 2)
10
3 + (282 - 283) + (-23 - -2)
-19
(-39 - -19) + 30 + -9
1
Calculate 6 + -42 + (3 - -2 - (8 - (-20 - -28))).
-31
What is the value of 0 + -16 - (2734 - 2693)?
-57
2 + (622 - 612) + -27 + (0 - (0 - 0))
-15
What is (-10 - 22 - (168 + -198)) + 73?
71
0 + 20 - (-4 + 0) - (172 - 168)
20
13 + (1 - 31) + (0 + 10 - -3)
-4
Calculate (-12 - -12) + -37 - (-3 + (-3 - 6)).
-25
What is the value of 0 - -7 - -7 - (-42 + (59 - 30))?
27
10 + -1 + -5 + 50 + (3 - -73)
130
What is the value of 108 - (-37 - (-91 - -27))?
81
Evaluate 23 + (-11 - 18 - -2) - (-4 - 1).
1
Calculate 23 + 14 + -11 - (-10 - -12).
24
Evaluate (2 + -6 - 17) + -17 + -8.
-46
Calculate 13 + (24 - (21 - (4 + 20 - 15))).
25
Calculate 2 - -40 - -28 - 40.
30
What is (2